{"id":192,"date":"2023-12-13T21:59:23","date_gmt":"2023-12-13T21:59:23","guid":{"rendered":"https:\/\/cyantienda.com\/?post_type=product&#038;p=192"},"modified":"2023-12-13T21:59:23","modified_gmt":"2023-12-13T21:59:23","slug":"manilla-o-pulsera-en-hilo-azul-con-dije-hamsa-en-acero","status":"publish","type":"product","link":"https:\/\/cyantienda.com\/index.php\/producto\/manilla-o-pulsera-en-hilo-azul-con-dije-hamsa-en-acero\/","title":{"rendered":"Manilla o pulsera en hilo azul con dije Hamsa en acero"},"content":{"rendered":"<p>Manillas\/pulseras de hilo de fibra textil. Son graduables, por lo que las puedes ajustar al tama\u00f1o de tu mu\u00f1eca muy f\u00e1cilmente.<\/p>\n<p>Hilo azul con dije de Hamsa en acero.<\/p>\n<p>Transmite delicadeza y feminidad con este accesorio.<\/p>\n<p>Combina varios dise\u00f1os y crea tu look favorito.<\/p>\n<p>Contenido del empaque: una manilla\/pulsera de hilo de fibra textil.<\/p>\n<p>Cuida tus accesorios as\u00ed:<\/p>\n<p>&#8211; Ret\u00edralos antes de irte a dormir o de entrar a la ducha.<br \/>\n&#8211; No los uses para nadar en piscina o mar, ni los expongas a lugares con humedad excesiva.<br \/>\n&#8211; Cuida que no tengan contacto con perfumes, l\u00edquidos, cremas, alcohol o sustancias qu\u00edmicas y corrosivas.<br \/>\n&#8211; Gu\u00e1rdalos en un lugar seguro, a salvo de ca\u00eddas, golpes o estiramientos.<br \/>\n&#8211; Cuando quieras limpiarlos, utiliza un pa\u00f1o seco y hazlo con cuidado.<\/p>\n","protected":false},"excerpt":{"rendered":"<p>Manillas\/pulseras de hilo de fibra textil. Son graduables, por lo que las puedes ajustar al tama\u00f1o de tu mu\u00f1eca muy f\u00e1cilmente.<\/p>\n<p>Hilo azul con dije de Hamsa en acero.<\/p>\n<p>Transmite delicadeza y feminidad con este accesorio.<\/p>\n<p>Combina varios dise\u00f1os y crea tu look favorito.<\/p>\n<p>Contenido del empaque: una manilla\/pulsera de hilo de fibra textil.<\/p>\n","protected":false},"featured_media":145,"comment_status":"open","ping_status":"closed","template":"","meta":[],"product_brand":[],"product_cat":[30,32],"product_tag":[],"class_list":{"0":"post-192","1":"product","2":"type-product","3":"status-publish","4":"has-post-thumbnail","6":"product_cat-accesorios","7":"product_cat-manillas-y-pulseras","9":"first","10":"instock","11":"shipping-taxable","12":"purchasable","13":"product-type-simple"},"_links":{"self":[{"href":"https:\/\/cyantienda.com\/index.php\/wp-json\/wp\/v2\/product\/192","targetHints":{"allow":["GET"]}}],"collection":[{"href":"https:\/\/cyantienda.com\/index.php\/wp-json\/wp\/v2\/product"}],"about":[{"href":"https:\/\/cyantienda.com\/index.php\/wp-json\/wp\/v2\/types\/product"}],"replies":[{"embeddable":true,"href":"https:\/\/cyantienda.com\/index.php\/wp-json\/wp\/v2\/comments?post=192"}],"wp:featuredmedia":[{"embeddable":true,"href":"https:\/\/cyantienda.com\/index.php\/wp-json\/wp\/v2\/media\/145"}],"wp:attachment":[{"href":"https:\/\/cyantienda.com\/index.php\/wp-json\/wp\/v2\/media?parent=192"}],"wp:term":[{"taxonomy":"product_brand","embeddable":true,"href":"https:\/\/cyantienda.com\/index.php\/wp-json\/wp\/v2\/product_brand?post=192"},{"taxonomy":"product_cat","embeddable":true,"href":"https:\/\/cyantienda.com\/index.php\/wp-json\/wp\/v2\/product_cat?post=192"},{"taxonomy":"product_tag","embeddable":true,"href":"https:\/\/cyantienda.com\/index.php\/wp-json\/wp\/v2\/product_tag?post=192"}],"curies":[{"name":"wp","href":"https:\/\/api.w.org\/{rel}","templated":true}]}}